623?
4
What is the billions digit of 5468227580?
5
What is the hundreds digit of 95409218?
2
What is the hundreds digit of 263453845?
8
What is the hundred thousands digit of 163909232?
9
What is the hundreds digit of 154903592?
5
What is the hundreds digit of 910819398?
3
What is the millions digit of 12658051?
2
What is the millions digit of 102972158?
2
What is the units digit of 38695399?
9
What is the hundred millions digit of 651833737?
6
What is the units digit of 139599980?
0
What is the ten thousands digit of 77062691?
6
What is the millions digit of 2114265?
2
What is the hundred thousands digit of 132709006?
7
What is the thousands digit of 716257787?
7
What is the tens digit of 93598911?
1
What is the hundred millions digit of 716823864?
7
What is the tens digit of 194497792?
9
What is the units digit of 850105253?
3
What is the hundred millions digit of 505868023?
5
What is the hundreds digit of 408526112?
1
What is the tens digit of 101141157?
5
What is the ten millions digit of 10710772?
1
What is the hundred millions digit of 200445704?
2
What is the thousands digit of 87587921?
7
What is the ten thousands digit of 1172397829?
9
What is the ten millions digit of 74497099?
7
What is the thousands digit of 993203764?
3
What is the ten millions digit of 289732200?
8
What is the ten thousands digit of 126390454?
9
What is the thousands digit of 3435515743?
5
What is the hundred millions digit of 1562139059?
5
What is the units digit of 90337873?
3
What is the tens digit of 974235074?
7
What is the ten millions digit of 3154025412?
5
What is the millions digit of 55516194?
5
What is the tens digit of 6201806325?
2
What is the hundred thousands digit of 904560029?
5
What is the ten millions digit of 619982618?
1
What is the tens digit of 291656721?
2
What is the hundred thousands digit of 365907205?
9
What is the tens digit of 57380282?
8
What is the ten thousands digit of 125395431?
9
What is the millions digit of 1403699010?
3
What is the ten thousands digit of 1932723523?
2
What is the thousands digit of 2954547066?
7
What is the thousands digit of 281229460?
9
What is the thousands digit of 355947932?
7
What is the millions digit of 251045681?
1
What is the hundred millions digit of 289016530?
2
What is the hundred thousands digit of 3505392?
5
What is the hundreds digit of 336358581?
5
What is the ten thousands digit of 815666400?
6
What is the hundreds digit of 43285782?
7
What is the units digit of 3077021341?
1
What is the tens digit of 1901432145?
4
What is the thousands digit of 28892880?
2
What is the ten thousands digit of 8966616137?
1
What is the thousands digit of 24243172?
3
What is the millions digit of 825058914?
5
What is the tens digit of 592819732?
3
What is the units digit of 2475563953?
3
What is the billions digit of 2664616205?
2
What is the hundred thousands digit of 108582430?
5
What is the hundred thousands digit of 30916260?
9
What is the ten millions digit of 184686669?
8
What is the millions digit of 127560072?
7
What is the ten thousands digit of 17327094?
2
What is the millions digit of 34311113?
4
What is the tens digit of 3643127?
2
What is the hundred thousands digit of 28613720?
6
What is the hundred thousands digit of 5503134?
5
What is the ten millions digit of 12847493?
1
What is the hundred thousands digit of 49997346?
9
What is the hundred millions digit of 184349953?
1
What is the ten thousands digit of 43147308?
4
What is the thousands digit of 541390306?
0
What is the millions digit of 1524877123?
4
What is the hundred millions digit of 234375098?
2
What is the thousands digit of 634888103?
8
What is the hundred millions digit of 1243364480?
2
What is the hundred thousands digit of 83307133?
3
What is the units digit of 45069297?
7
What is the millions digit of 1023956403?
3
What is the hundreds digit of 26023608?
6
What is the hundred thousands digit of 48207684?
2
What is the ten thousands digit of 100792300?
9
What is the ten millions digit of 1826744153?
2
What is the units digit of 498522021?
1
What is the ten thousands digit of 84009016?
0
What is the hundreds digit of 175443980?
9
What is the thousands digit of 44025296?
5
What is the ten millions digit of 229264117?
2
What is the millions digit of 44799189?
4
What is the millions digit of 484214476?
4
What is the hundred thousands digit of 441774652?
7
What is the hundred thousands digit of 425048975?
0
What is the tens digit of 64061957?
5
What is the hundred thousands digit of 2571440?
5
What is the millions digit of 147017551?
7
What is the ten millions digit of 217454133?
1
What is the hundred millions digit of 290785263?
2
What is the ten millions digit of 113168830?
1
What is the units digit of 147287158?
8
What is the millions digit of 606802838?
6
What is the units digit of 21652615?
5
What is the units digit of 53900610?
0
What is the ten millions digit of 1980311889?
8
What is the thousands digit of 2476709554?
9
What is the hundred thousands digit of 29802857?
8
What is the ten thousands digit of 107458910?
5
What is the units digit of 2210261945?
5
What is the hundred thousands digit of 113031329?
0
What is the units digit of 22740799?
9
What is the ten millions digit of 335352102?
3
What is the hundred thousands digit of 968882223?
8
What is the units digit of 328507058?
8
What is the units digit of 26153492?
2
What is the ten thousands digit of 4032102554?
0
What is the units digit of 1741807364?
4
What is the ten millions digit of 39568074?
3
What is the millions digit of 627627948?
7
What is the ten thousands digit of 46486480?
8
What is the units digit of 2750622209?
9
What is the ten thousands digit of 2334553?
3
What is the millions digit of 483006975?
3
What is the millions digit of 374678650?
4
What is the hundred thousands digit of 73007016?
0
What is the hundred millions digit of 1805443072?
8
What is the tens digit of 142738721?
2
What is the hundreds digit of 42006242?
2
What is the tens digit of 268900864?
6
What is the thousands digit of 119165881?
5
What is the ten millions digit of 181882484?
8
What is the units digit of 587001145?
5
What is the ten millions digit of 2453587068?
5
What is the millions digit of 32670983?
2
What is the thousands digit of 131016381?
6
What is the millions digit of 1446233017?
6
What is the hundreds digit of 194748750?
7
What is the hundred thousands digit of 13874970?
8
What is the ten thousands digit of 2064449085?
4
What is the ten millions digit of 392594936?
9
What is the units digit of 2636632937?
7
What is the millions digit of 1736205860?
6
What is the units digit of 1650113394?
4
What is the ten thousands digit of 4669185?
6
What is the hundreds digit of 838009951?
9
What is the millions digit of 1884546248?
4
What is the ten thousands digit of 1153483?
5
What is the millions digit of 38075122?
8
What is the hundred thousands digit of 168855814?
8
What is the millions digit of 5291397063?
1
What is the tens digit of 2623983046?
4
What is the tens digit of 126644160?
6
What is the thousands digit of 46142466?
2
What is the millions digit of 43605489?
3
What is the units digit of 2788708269?
9
What is the ten millions digit of 2600367834?
0
What is the ten thousands digit of 328311303?
1
What is the thousands digit of 109011304?
1
What is the thousands digit of 437662328?
2
What is the units digit of 463746735?
5
What is the hundred thousands digit of 41585605?
5
What is the hundreds digit of 94124975?
9
What is the hundred thousands digit of 835108065?
1
What is the ten millions digit of 1375220677?
7
What is the units digit of 1134089540?
0
What is the units digit of 486067869?
9
What is the hundred millions digit of 2929311340?
9
What is the hundred thousands digit of 3297293937?
2
What is the hundreds digit of 699957651?
6
What is the tens digit of 450226750?
5
What is the ten thousands digit of 12490959?
9
What is the ten millions digit of 35775148?
3
What is the hundred millions digit of 135192711?
1
What is the millions digit of 427092304?
7
What is the thousands digit of 200227035?
7
What is the millions digit of 49775372?
9
What is the units digit of 982867104?
4
What is the ten millions digit of 203177836?
0
What is the hundreds digit of 80351384?
3
Wh